i**4/12 - 2*i**2 + i - 37. Let p(f) be the third derivative of o(f). Calculate p(3).
-4
Let x(v) = 15*v**2 - 26*v + 15. Suppose 3*i - p = 43, 5*i - 28 - 29 = -2*p. Let d(t) = 7*t**2 - 13*t + 7. Let k(o) = i*d(o) - 6*x(o). What is k(13)?
1
Let r(p) = 603*p - 24 - 153*p - 144*p - 154*p - 145*p. What is r(6)?
18
Let u(q) = -4 + 8*q - 2*q - 3 + q**2. Let s be (29/((-203)/3528))/(3/(-2)). Suppose -s = 53*y - 11*y. Calculate u(y).
9
Let s(b) = -3*b. Let x = -120 + 119. Calculate s(x).
3
Suppose -214*y = -209*y - 305. Let c = -6 + 63. Let l = c - y. Let h(b) = b**3 + 3*b**2 - 5*b - 6. What is h(l)?
-2
Let y(u) = -u**2 + 20*u - 36. Suppose 3*n + 4*b = 30, -33*n + 31*n = 3*b - 18. What is y(n)?
0
Let m(y) = -2*y - 16. Suppose -2*q - 1568 = -3*i, -q + 2706 = 4*i + 597. Let w = 515 - i. Calculate m(w).
6
Suppose 7*f - 10*f = -3. Let b(d) = 10*d - 13*d**2 + 0 + 14*d**2 - f. Let j(t) = -2*t**3 + 2*t**2 + 2*t - 5. Let s be j(2). What is b(s)?
-10
Let h(t) = t + 3*t**2 - 257926 + 257929 - 2*t**2. Let v = 14 + -10. Give h(v).
23
Suppose 0 = v + 3*y, 11 = -3*v + 595*y - 593*y. Let i(q) be the first derivative of -q**4/4 - 5*q**3/3 - q**2 + 2*q + 2. Determine i(v).
-10
Suppose 12*q + 107 + 136 = 387. Let u(k) = -k**3 + 11*k**2 + 17*k - 32. Give u(q).
28
Let u(x) be the second derivative of -x**5/20 - 5*x**4/12 + x**3/2 + 18*x**2 + 2064*x. Calculate u(-5).
21
Let k(j) = 2*j**2 + 4. Suppose 5 = -i + 26*i + 105. Calculate k(i).
36
Let y(z) = -71 - 58 + 107 + 6*z. What is y(9)?
32
Suppose -3*r - 76 = 4*y - 79, 0 = 2*y + 2*r - 2. Let p(z) = -z**3 - 2*z - 10. Give p(y).
-10
Let f(h) = -3*h + 23. Let p = 267 + -267. Suppose -3*j + 7*z + 6 = 4*z, 3*z - 15 = p. What is f(j)?
2
Let j(n) = -n**2 + 22*n + 39. Let h be (13464/(-90))/(-17)*(-5)/(-2). Determine j(h).
39
Let d(t) = 15*t**3 + t - 1. Let z(m) = m**3 - 47*m**2 - 48*m - 2. Let u be z(48). Determine d(u).
-123
Let n(a) be the first derivative of -a**4/6 + 2*a**3 - 3*a**2 + 25*a + 139. Let d(o) be the first derivative of n(o). What is d(6)?
-6
Suppose 0 = 14*y - 482 + 440. Let c(i) be the first derivative of -12 + 1/4*i**4 + 2*i**y + 5*i + 2*i**2. Give c(-5).
10
Suppose 3*a - 5*a - 42 = 3*y, -a + 4*y = -1. Let h(s) = -s**3 - 15*s**2 + s + 9. What is h(a)?
-6
Let n(u) = 1. Let s(j) = 3*j + 9. Suppose 4*r - 18 + 16 = 2*h, 5*h + 2*r = 7. Let f(z) = h*s(z) - 5*n(z). Give f(-3).
-5
Suppose -3*k + 2 = -l, -3*k + 5*k + 3*l - 16 = 0. Let c(j) = -k*j + j**3 - 4*j + 6 - 2 + 4*j**2. Give c(-6).
-32
Let r(z) = -34*z**2 - 2*z + 24. Suppose -5*h - 2*p = 17, -3*h = -6*h + 5*p - 35. Let c(m) = -24*m**2 - m + 16. Let a(w) = h*r(w) + 7*c(w). Give a(-4).
12
Let i(s) = 56*s + 65*s + 64*s - 184*s. Let o = -2 + -2. Determine i(o).
-4
Let r = -35907 - -35904. Let t(b) = 6*b + 6 - 2*b - 5 + 4. Give t(r).
-7
Suppose 0 = -2*o + 28 + 48. Let r = o + -36. Let v(i) = -9*i**2 - 10 + 10 - i + 8*i**r. Determine v(1).
-2
Let t(y) = -269*y - 36. Let j(m) = -369*m - 37. Let g(h) = -3*j(h) + 4*t(h). What is g(6)?
153
Let r = -45 - -48. Suppose -6*x + r + 3 = 0. Let n(t) = x + t - 6*t**2 + 16*t**2 - 15*t**2. Determine n(-1).
-5
Let x(g) = -2*g**3 - 6*g**2 - 2*g + 3. Let q be x(-4). Suppose -18 = 3*k - p, -4*p + 3 - q = 4*k. Let m(s) = -s**3 - 9*s**2 - 10*s. What is m(k)?
-28
Let x = -24154 - -24158. Let y(k) be the third derivative of -28*k**2 + 1/60*k**5 + 0 + 1/6*k**3 - 5/24*k**x + 0*k. Calculate y(6).
7
Let l(u) = u**2 - 4*u + 4*u + 3*u. Let j be (27/15 + -3)*(-19)/((-418)/110). Determine l(j).
18
Let r(z) = -z**2 + 2*z + 3. Let a be r(4). Let k(g) = g**2 - 19*g - 86. Let j be k(23). Let s(c) = -526 - c**2 - j*c + 1046 - 524. Give s(a).
1
Let j(z) = 2*z**3 + 4*z**2 + 5*z + 2. Let o be ((297/(-396))/((-1)/(-4)))/3. Calculate j(o).
-1
Let d(w) = 768 - 266 - 261 - 260 + 3*w. Determine d(5).
-4
Let c(i) = -3*i + 1. Suppose 0*s + 1327 = -3*s - h, 2*h - 874 = 2*s. Let n = -443 - s. What is c(n)?
7
Let r(f) be the second derivative of f**4/6 - 3*f**3/2 - 70*f**2 - 4*f + 141. Calculate r(11).
3
Let s = -4410 - -4408. Let i(a) = -12*a**2 + 6. What is i(s)?
-42
Let w = -67 + 65. Let f(o) be the third derivative of o**5/20 + o**4/12 + o**3/2 + 11*o**2 + 2*o. Give f(w).
11
Let s(n) = -n + 1. Let o be s(-1). Suppose -4*u = o*i + 3*i - 24, 4*u - 4 = 0. Let f(m) = -3 + 2*m**2 + 48*m - m**2 + 42*m - 93*m. What is f(i)?
1
Let f(o) = o**3 + 12*o**2 + 9*o - 11. Suppose 5*k - 5*z + 10*z = 30, -4*k + 28 = 5*z. Suppose -k*y + 1 = 23. Determine f(y).
11
Suppose -p + 3 = 6. Let m(c) = -114*c + 6. Let w(l) = -44*l + 3. Let n(h) = 2*m(h) - 5*w(h). Determine n(p).
21
Let w(q) = -q**3 + 7*q**2 + 4*q - 6. Suppose 605*r - 604*r - 44 = 0. Suppose r*k + f + 29 = 48*k, -4*k + 3*f + 23 = 0. Determine w(k).
-38
Let v(m) = m**3 - 19*m**2 + 16*m + 39. Let d be v(18). Let q be -1*d/(-6)*-2. Let o(i) = -12*i**2 - 3*i - 2. Determine o(q).
-11
Let h(m) = 15 + 3*m**3 + 2*m - 39 + 27 + 2*m**2. Let v = 213 - 215. Calculate h(v).
-17
Let b(s) = 8*s + 1. Let a be (-56)/18 - (-3)/27. Let f be (-1)/(a - (-2 - 0)). Determine b(f).
9
Let b(g) be the first derivative of -g**4/12 + 2*g**3/3 - 2*g**2 + 135*g - 62. Let u(q) be the first derivative of b(q). Give u(2).
0
Let s(q) = -10*q**2 - 2*q - 1. Let p be (-32)/(-20)*80/(-64). Give s(p).
-37
Suppose 0 = 4*p + 2*u + 10, -486*p = -482*p + 4*u + 4. Let n(w) = 4*w**3 + 7*w**2 - w + 5. Let d(v) = v**3 + v**2 + 1. Let x(g) = 3*d(g) - n(g). Determine x(p).
-6
Let s be ((-294)/(-105))/(1/((-10)/(-4))). Let a(b) be the second derivative of b**4/12 - 11*b**3/6 + 3*b**2 - 3301*b. Give a(s).
-22
Let z(f) = 89 + 94 - 1689*f**2 - 30 - 22*f + 1687*f**2 - 21. Calculate z(5).
-28
Suppose 0 = 11*w - 11. Let f(y) = -y**2 + 4*y + 0 - w + 2 - 4. Determine f(4).
-3
Let t(c) = -2*c + 2*c - 13*c + 32*c - 2*c**2 - 73 + 30*c. Determine t(23).
-4
Let w(k) = k**3 - 19*k**2 + 47*k + 18. Let b(l) = 22*l - 292. Let d be b(14). What is w(d)?
2
Let w(n) = 4*n**2 + 24*n - 11. Let l(c) = 5*c**2 + 24*c - 11. Let t(j) = 6*l(j) - 7*w(j). What is t(11)?
-11
Let v(f) = -f + 31. Let j(a) = -2*a**3 - 46*a**2 - 209*a - 82. Let p be j(-17). Calculate v(p).
28
Let a be ((-57)/114)/(2/(-12)). Let t(l) = -38*l**2 + 18*l**2 - l**a - 3*l + 5 + 9*l**2 + 9*l**2. Give t(2).
-17
Let l(n) = n**3 - 13*n**2 + 2*n - 24. Suppose 112 - 47 = 5*g. Let a be l(g). Let x(d) = -26*d**3 - 4*d**a - 7 - d**2 + 4*d - d + 27*d**3. What is x(5)?
8
Let k(f) = -f**3 + 5*f**2 - 2*f + 2. Let q be 0/(7/(9 + -16)). Suppose -196*w + 188*w + 32 = q. Determine k(w).
10
Let h(m) = -579368*m**3 + 2*m**2 + 0*m - 2*m + 579369*m**3 + 3. Determine h(-3).
0
Let m(y) = 3*y - 9. Suppose 1334*c = 1342*c. What is m(c)?
-9
Let i(l) = l**2 + 14*l + 64. Suppose 0 = 6*g + 17034 - 16956. Give i(g).
51
Let k(z) = -21*z**2 - 5 + 6*z**2 + 14*z**2 - 9*z. Suppose -28 = 5*m - 4*u, 9*m + u + 25 = -50. Calculate k(m).
3
Let y = -287 + 496. Let o = y - 203. Let f(l) be the third derivative of l**4/24 + l**2. Calculate f(o).
6
Let a(i) be the third derivative of i**7/840 + i**6/360 - 5*i**4/12 - 50*i**3/3 - 85*i**2. Let o(u) be the first derivative of a(u). Calculate o(0).
-10
Let m(x) = x**2 + 14*x + 14. Suppose 0 = -5*y + 6461 - 6536. Give m(y).
29
Let d(r) = 2*r - 5. Suppose 160*m - 330 = 105*m. Calculate d(m).
7
Let i be 1/((6 - 5)/(-1)) - -31. Let v(n) = 961*n**3 + 3*n - 962*n**3 + 11 - i + 7*n + 5*n**2 - 15*n**2. What is v(-11)?
-8
Let l(j) = j**2 - 2*j. Let b = -489 - -480. Let v = -7 - b. What is l(v)?
0
Let j(o) = -15*o + 1. Suppose 5*g + 2 - 27 = 0. Suppose -84 = -9*s - g*s. Suppose -5*d = -11 + s. Calculate j(d).
-14
Let l be 0*(-2)/(1 - -3) + (-158 - -164). Let s(d) = 3*d**2 - 11*d + 13. What is s(l)?
55
Let j(t) = 9*t - 4*t + 5*t + 3*t - 3*t - 1 - 8*t. Let r(f) = f + 10. Let h be r(-7). Suppose -n = -5*b - h, -4*b = 4*n - 2*b + 10. What is j(n)?
-5
Let h(n) = -n**2 + 6*n - 2. Let k(i) = i. Let d be k(4). Suppose -v + 2*q = 6, 5*v = -d*q + 3*q + 25. Determine h(v).
6
Let g be 1 + 6 - (0 + 1). Suppose 14 = 3*u - 5*o, -3*o = 2*u - 2 - 1. Let k(i) = 3*i + 0*i + u + 3*i - 4*i. Give k(g).
15
Let w(j) = -j**3 + 7*j**2 + 23*j + 26. Let m be w(-8). Let t = m + -806. Let n(v) = 5*v + 1 - 2*v**2 - v**3 + 0*v**3 + 0*v**3. Give n(t).
13
Let o(m) = 2*m**2 + 2 - 3 - m + 0*m**2. Suppose 2*u - d - 842 = 0, -9*u + 5*d = -4*u - 2105. Let c = 423 - u. Det